e greatest common divisor of n and 126?
21
Let a(u) = -2943*u + 272. Let b be a(-10). Suppose -31*w + 12210 = -b. Calculate the greatest common factor of w and 104.
104
Suppose -6 = 2*g, 305 = -3*k + g + 644. What is the highest common divisor of k and 488?
8
Let a(b) = 7*b**2 + 12*b - 80. Let m be a(7). Let p = 617 - m. Calculate the highest common divisor of p and 60.
30
Suppose -797*a + 280674 = -3199028. Calculate the greatest common divisor of 1062 and a.
118
Suppose -2 - 3 = 5*g. Let f = g + 3. Let o be 23 - (4 - (2 + 1)). What is the highest common divisor of o and f?
2
Let y = -99 - -97. Let v be y - -107*(-6)/(-6). Calculate the highest common factor of 14 and v.
7
Suppose -4*b = 13*b - 119. Let h(m) = -m**3 + 6*m**2 + 7*m + 22. Let i be h(b). What is the greatest common divisor of 2 and i?
2
Let u = -51 + 71. Let t be 261372/5934 + 6/(-129). Calculate the highest common divisor of u and t.
4
Suppose -9*o + 2*o = 21. Let f be (-1054)/o + 2 + (-28)/12. What is the highest common divisor of 27 and f?
27
Let q = -16734 + 17147. What is the highest common divisor of 295 and q?
59
Let i(n) = -396*n + 1240. Let t be i(3). Let q be (3/(-4))/(3/(-312)). Calculate the greatest common factor of t and q.
26
Let x(t) = 24*t**2 - 128*t + 8. Let j be x(6). What is the greatest common divisor of 32 and j?
8
Let v be (649/44)/((-2)/(-32)). Suppose -3*u - 12759 + 4502 = -28*b, -2*u + 1182 = 4*b. What is the greatest common divisor of b and v?
59
Suppose 13505*t = 13483*t + 2970. Calculate the greatest common divisor of 1485 and t.
135
Suppose y - 238 = -6*y. Let i = 39 - y. Suppose 0 = -3*q + i*q - 3*h - 23, 4*q + 2*h = 54. What is the greatest common factor of q and 13?
13
Let x(b) = 11*b + 3. Suppose -z + 2 = 3*a, -2*z - 2*z = -3*a + 7. Suppose 0 = -3*u + 10 - a. Let p be x(u). What is the highest common factor of p and 9?
9
Let s be -5 + 3*417/9. Let y be ((-9)/(-27))/((-3)/(-1 - s)). Calculate the greatest common divisor of y and 15.
15
Suppose 4*f = -2*d + 2436, -2653 = 5*d - 3*f - 8782. What is the highest common divisor of 288 and d?
72
Let r = 80 - 89. Let k = r - -52. Suppose 3*b = -b - z + k, z = b - 7. Calculate the greatest common divisor of b and 4.
2
Suppose -16 = 7*b + 40. Let y(w) = -w**2 - 9*w - 9. Let v be y(b). Let j be v + (-25 + 4)/(-1). What is the greatest common divisor of j and 10?
10
Suppose 3*g - 49 = -4*m, -m + 5*g = -5*m + 47. Let u be (m/5 - 2)*5. Suppose u*h - 14 = 4. What is the highest common factor of h and 3?
3
Let b(k) be the first derivative of 33*k**2/2 + 21. Let l be b(2). Let v = -9 - -15. What is the greatest common factor of l and v?
6
Let k(n) = -94*n + 1. Let r be k(-1). Suppose 0*q = -2*q + 5*b + r, -4*q = b - 245. Suppose 9*h - 264 = -13*h. What is the greatest common divisor of h and q?
12
Suppose -b + 299 = l, -3*l + 356 = 4*b - 546. Suppose 5*j = c - 195, -4*c - 114 = -5*j - l. Let t = 43 + j. What is the greatest common factor of t and 1?
1
Suppose 851650 = 44*x + 232306. What is the highest common divisor of x and 153?
153
Suppose 9 + 135 = 4*l - 3*f, 5*f = l - 53. Let v(m) = -m**3 + 7*m**2 + 7*m + 11. Let s be v(8). Calculate the highest common divisor of l and s.
3
Let x be (154/4 + -1)/((-1385)/140 - -10). What is the greatest common divisor of x and 49?
7
Let h(l) = 62*l**3 - 4*l**2 + l + 1. Let u be h(-1). Let q = -55 - u. Calculate the highest common factor of 33 and q.
11
Let m = 20269 + -17245. Calculate the greatest common factor of 96 and m.
48
Suppose 5*v + 22 = -5*p - 38, 2*v - 5*p + 17 = 0. Let f be 2*v/(-2) - 1. Let t be f/(-35) + (-18)/(-14) + 11. What is the highest common divisor of t and 18?
6
Let p be 1158/15 - (-2)/(-10). Let g be 5/(-2)*(-211310)/2825. Calculate the greatest common factor of p and g.
11
Suppose -t + 5*c - 4124 = -7*t, 5*t - 2*c = 3449. What is the highest common divisor of 1272 and t?
53
Let q be 149 - (18/(-15))/((-12)/(-40)). Let k = -75 + q. What is the greatest common divisor of 6 and k?
6
Let u(s) = 5*s**3 - s**2 + 2. Let j be (-2)/(-10) + 516/20. Suppose -2*q - 22 + j = 0. Let v be u(q). What is the highest common factor of 266 and v?
38
Suppose 3*k = 6*h - 682 + 403, h = -2*k + 49. What is the highest common factor of 2491 and h?
47
Let a = 9105 + -8909. Calculate the greatest common divisor of a and 245.
49
Suppose 0 = 2*d - 5*v - 78, 4*d + v - 1178 + 978 = 0. What is the greatest common divisor of 18424 and d?
49
Let x be 27/3 + 486 + -29 + 14. Calculate the greatest common factor of 75 and x.
15
Let q(x) = 20*x + 2. Let m be q(-2). Suppose 41*t + 378 = 23*t. Let h = t - m. Calculate the highest common factor of 119 and h.
17
Let n = -86 - -86. Suppose -21 = -x - 3*w, n = -4*x + 3*x + 4*w + 28. Calculate the highest common factor of x and 24.
24
Let i be (2*(-12727)/(-104))/((-7)/(-168)). What is the highest common divisor of i and 22?
22
Let a(q) = 3*q**2 - q - 2. Let w be 0/1 + 9 + -7. Let y be 4/w - (-12 + 11). Let o be a(y). Calculate the greatest common divisor of o and 33.
11
Suppose -2*u - l = -7*u + 504, -l = -1. Let j = u + -26. Calculate the greatest common divisor of j and 3.
3
Suppose 0 = -27*i + 40*i - 3458. Let n = -29 + 34. Let p(o) = o**3 - 4*o**2 - o - 6. Let s be p(n). Calculate the highest common factor of i and s.
14
Let d be 16/6 + -2 + 671/33. What is the greatest common factor of 2037 and d?
21
Let b be ((-28)/3)/(13/(-468)). Let j = b - 236. Let h = j - 56. What is the greatest common factor of h and 44?
44
Let x(d) = -3*d + 28 - 5*d**3 - 12*d + 7*d**2 + 2*d**3 + 3*d**3 + d**3. Let q be x(-9). Calculate the highest common factor of q and 19.
1
Let b = -31979 - -32034. Suppose 4*g - 320 = -g. Suppose -69 = -3*z + 3*p, 0 = -3*z - 3*p + p + g. Calculate the greatest common divisor of z and b.
11
Let b(t) = -2*t**3 + 232*t**2 + 481*t - 135. Let d be b(118). What is the highest common factor of 2369 and d?
103
Let n(m) = 29*m**2 + m**3 + 5 - 9*m**2 - 15*m**2 - 37*m. Let o be n(-9). Calculate the highest common divisor of o and 14.
14
Let s be 14694/18*(-4 + 22). Calculate the greatest common factor of 79 and s.
79
Let t be ((-3)/2)/(63/(-42)). Suppose d + t - 6 = 0. Suppose d*s = 35 + 205. What is the highest common factor of s and 336?
48
Let m = 1136 - 811. Let r(f) = -40*f + 1025. Let t be r(25). What is the greatest common factor of m and t?
25
Let f be ((-5)/(-1))/(0 - 1) - -10361. Calculate the greatest common factor of f and 12.
12
Let x(v) = 0*v - 4*v + 44*v**3 + 3*v**2 - 43*v**3. Let f be x(-4). Suppose -3*s = 3*q + 3, 2*s = q - f*s - 11. What is the highest common divisor of 6 and q?
3
Let v(g) = 45*g - 1335. Let f be v(34). What is the greatest common factor of f and 1885?
65
Suppose 6*s - 10 = 8. Suppose -5*q + 3*y + 264 + 110 = 0, -s*q + 224 = -2*y. Calculate the greatest common divisor of q and 57.
19
Suppose 0 = -0*u + 4*u - 8. Suppose -89*o + 176 = -84*o + 2*f, -12 = -4*f. What is the greatest common divisor of o and u?
2
Let r = 1892 - 912. Calculate the greatest common divisor of r and 700.
140
Suppose -20 = 4*u, 11 = -2*l + 4*l - u. Calculate the highest common factor of 51 and l.
3
Let n = 495 - 491. Suppose -4*d + 52 = n*b, 0 = 5*d + 3*b - 85 + 14. Calculate the greatest common factor of d and 5.
1
Let y(n) = -268 - 2*n**3 + 3*n**3 + 272 - n**2. Let v be y(0). Suppose 3*w - 4*s = 33, 2*w + 0 = -v*s + 42. Calculate the greatest common divisor of w and 15.
15
Let k = -34476 - -43373. What is the highest common factor of 155 and k?
31
Let x be (32/(-12))/((-22468)/2496 + 9). What is the highest common divisor of 160 and x?
32
Let u(o) = -6*o + 67. Let v be u(9). Suppose 12*m - r = v*m - 939, 4*r + 3796 = 4*m. Calculate the greatest common divisor of 59 and m.
59
Suppose -9*w - 468 = -2*g, -11*g = -13*g + 4*w + 488. What is the highest common divisor of g and 72?
36
Let v be 42/(-9) + 4 + (-16414)/(-87). What is the greatest common factor of v and 2350?
94
Suppose 4*a = 843 + 1669. Let j = a + -313. Let r = -65 - -110. Calculate the highest common divisor of r and j.
45
Suppose 2044 = 8*a + 6*a. Let s = a + -83. Calculate the highest common divisor of s and 693.
63
Suppose 4*d = -y + 16, 5*d = 8*d + 4*y - 25. Suppose -4*i + d*x + 71 = 0, -5*i + 89 = -i + 3*x. What is the greatest common divisor of i and 10?
10
Let 